y 304?
13
What is the remainder when 2094 is divided by 30?
24
What is the remainder when 1205 is divided by 134?
133
Calculate the remainder when 349 is divided by 16.
13
Calculate the remainder when 327 is divided by 95.
42
Calculate the remainder when 3343 is divided by 15.
13
Calculate the remainder when 229 is divided by 26.
21
What is the remainder when 3549 is divided by 111?
108
What is the remainder when 729 is divided by 43?
41
Calculate the remainder when 761 is divided by 250.
11
What is the remainder when 16243 is divided by 171?
169
Calculate the remainder when 1080 is divided by 136.
128
Calculate the remainder when 1311 is divided by 8.
7
What is the remainder when 557 is divided by 9?
8
What is the remainder when 50 is divided by 20?
10
What is the remainder when 139 is divided by 24?
19
What is the remainder when 556 is divided by 59?
25
What is the remainder when 1007 is divided by 92?
87
What is the remainder when 1930 is divided by 43?
38
What is the remainder when 329 is divided by 49?
35
What is the remainder when 96 is divided by 74?
22
What is the remainder when 210 is divided by 109?
101
Calculate the remainder when 603 is divided by 55.
53
Calculate the remainder when 146 is divided by 19.
13
What is the remainder when 2054 is divided by 683?
5
What is the remainder when 331 is divided by 190?
141
Calculate the remainder when 153 is divided by 26.
23
Calculate the remainder when 579 is divided by 53.
49
Calculate the remainder when 4512 is divided by 21.
18
Calculate the remainder when 121 is divided by 14.
9
Calculate the remainder when 728 is divided by 88.
24
What is the remainder when 250 is divided by 63?
61
What is the remainder when 2365 is divided by 2?
1
What is the remainder when 470 is divided by 138?
56
Calculate the remainder when 1098 is divided by 17.
10
What is the remainder when 37 is divided by 10?
7
Calculate the remainder when 525 is divided by 22.
19
What is the remainder when 139 is divided by 65?
9
What is the remainder when 790 is divided by 35?
20
Calculate the remainder when 1112 is divided by 14.
6
What is the remainder when 774 is divided by 60?
54
What is the remainder when 280 is divided by 117?
46
What is the remainder when 83 is divided by 22?
17
What is the remainder when 173 is divided by 32?
13
Calculate the remainder when 1359 is divided by 29.
25
What is the remainder when 118 is divided by 24?
22
What is the remainder when 4749 is divided by 22?
19
What is the remainder when 7337 is divided by 12?
5
Calculate the remainder when 977 is divided by 240.
17
What is the remainder when 88 is divided by 38?
12
Calculate the remainder when 864 is divided by 384.
96
Calculate the remainder when 101 is divided by 12.
5
Calculate the remainder when 118 is divided by 27.
10
Calculate the remainder when 446 is divided by 6.
2
Calculate the remainder when 304 is divided by 90.
34
What is the remainder when 175 is divided by 40?
15
What is the remainder when 1391 is divided by 26?
13
What is the remainder when 190 is divided by 23?
6
Calculate the remainder when 4461 is divided by 47.
43
What is the remainder when 36 is divided by 20?
16
What is the remainder when 7511 is divided by 8?
7
What is the remainder when 1101 is divided by 29?
28
What is the remainder when 2848 is divided by 28?
20
What is the remainder when 273 is divided by 51?
18
Calculate the remainder when 16 is divided by 6.
4
What is the remainder when 36 is divided by 13?
10
Calculate the remainder when 2090 is divided by 51.
50
Calculate the remainder when 1652 is divided by 409.
16
Calculate the remainder when 13 is divided by 11.
2
What is the remainder when 707 is divided by 144?
131
Calculate the remainder when 620 is divided by 155.
0
Calculate the remainder when 45 is divided by 16.
13
Calculate the remainder when 6692 is divided by 131.
11
Calculate the remainder when 8190 is divided by 409.
10
What is the remainder when 909 is divided by 48?
45
What is the remainder when 804 is divided by 243?
75
What is the remainder when 274 is divided by 6?
4
Calculate the remainder when 6110 is divided by 85.
75
What is the remainder when 428 is divided by 63?
50
What is the remainder when 23 is divided by 3?
2
What is the remainder when 1064 is divided by 11?
8
Calculate the remainder when 41 is divided by 8.
1
Calculate the remainder when 7939 is divided by 209.
206
Calculate the remainder when 92 is divided by 26.
14
What is the remainder when 143 is divided by 32?
15
Calculate the remainder when 570 is divided by 52.
50
Calculate the remainder when 261 is divided by 6.
3
Calculate the remainder when 1031 is divided by 104.
95
Calculate the remainder when 313 is divided by 140.
33
Calculate the remainder when 135 is divided by 34.
33
Calculate the remainder when 387 is divided by 17.
13
What is the remainder when 110 is divided by 58?
52
Calculate the remainder when 39539 is divided by 15.
14
Calculate the remainder when 7124 is divided by 15.
14
What is the remainder when 25 is divided by 4?
1
What is the remainder when 806 is divided by 399?
8
Calculate the remainder when 1693 is divided by 77.
76
Calculate the remainder when 66 is divided by 25.
16
Calculate the remainder when 3124 is divided by 49.
37
What is the remainder when 6162 is divided by 134?
132
What is the remainder when 307 is divided by 279?
28
Calculate the remainder when 2136 is divided by 1043.
50
What is the remainder when 168 is divided by 61?
46
Calculate the remainder when 750 is divided by 74.
10
What is the remainder when 1024 is divided by 79?
76
Calculate the remainder when 72 is divided by 27.
18
What is the remainder when 59 is divided by 3?
2
Calculate the remainder when 638 is divided by 72.
62
What is the remainder when 509 is divided by 51?
50
Calculate the remainder when 374 is divided by 299.
75
Calculate the remainder when 41 is divided by 21.
20
What is the remainder when 4661 is divided by 126?
125
Calculate the remainder when 593 is divided by 35.
33
Calculate the remainder when 618 is divided by 207.
204
What is the remainder when 5247 is divided by 250?
247
Calculate the remainder when 605 is divided by 38.
35
What is the remainder when 12460 is divided by 62?
60
What is the remainder when 234 is divided by 63?
45
What is the remainder when 112 is divided by 73?
39
Calculate the remainder when 405 is divided by 8.
5
What is the remainder when 93 is divided by 32?
29
Calculate the remainder when 3622 is divided by 191.
184
Calculate the remainder when 385 is divided by 178.
29
What is the remainder when 212 is divided by 44?
36
Calculate the remainder when 299 is divided by 43.
41
What is the remainder when 113 is divided by 34?
11
Calculate the remainder when 55 is divided by 15.
10
Calculate the remainder when 1087 is divided by 109.
106
What is the remainder when 468 is divided by 47?
45
Calculate the remainder when 1256 is divided by 35.
31
What is the remainder when 4103 is divided by 114?
113
What is the remainder when 2516 is divided by 90?
86
Calculate the remainder when 492 is divided by 83.
77
What is the remainder when 223 is divided by 1?
0
Calculate the remainder when 780 is divided by 73.
50
What is the remainder when 957 is divided by 40?
37
What is the remainder when 29753 is divided by 174?
173
What is the remainder when 690 is divided by 58?
52
Calculate the remainder when 1272 is divided by 5.
2
Calculate the remainder when 391 is divided by 49.
48
What is the remainder when 1367 is divided by 36?
35
Calculate the remainder when 727 is divided by 188.
163
Calculate the remainder when 303 is divided by 61.
59
What is the remainder when 2771 is divided by 36?
35
What is the remainder when 32 is divided by 7?
4
What is the remainder when 8906 is divided by 151?
148
What is the remainder when 132 is divided by 107?
25
Calculate the remainder when 38 is divided by 19.
0
What is the remainder when 222 is divided by 12?
6
What is the remainder when 732 is divided by 92?
88
What is the remainder when 1126 is divided by 49?
48
Calculate the remainder when 22 is divided by 7.
1
What is the remainder when 982 is divided by 101?
73
What is the remainder when 1913 is divided by 16?
9
Calculate the remainder when 9846 is divide